*3 + 6*r**2 + 7*r - 1. Calculate the remainder when 14 is divided by u(-3).
4
Suppose -202 = -5*z + f + 3*f, -z + 47 = -3*f. What is the remainder when z is divided by 14?
10
Suppose 53 = -2*z + 3*y, z = -3*y - 41 + 10. Calculate the remainder when ((-105)/z)/(9/168) is divided by 18.
16
Let o = -44 - -90. Calculate the remainder when o is divided by 24.
22
What is the remainder when 10 is divided by (4/10)/(28/(-10) - -3)?
0
Let p(n) = -n + 29. Suppose -2*x = 2*x + 32. Let d(z) = -z**3 - 7*z**2 + 2*z - 7. What is the remainder when d(x) is divided by p(8)?
20
Let i = 12 - -216. Suppose 4*h = i + 132. What is the remainder when h is divided by 23?
21
Let x = -12 + 17. Calculate the remainder when 19 is divided by x.
4
Suppose 3*d + 4*d = 77. What is the remainder when 19 is divided by d?
8
Let h = 23 + -16. Suppose 3*c - 40 + h = 0. What is the remainder when 42 is divided by c?
9
Let q(h) = -4*h - 19. Suppose 0 = -2*u + 96 + 68. Calculate the remainder when q(-11) is divided by u/6 + (-2)/3.
12
Let n = 51 + -20. Suppose -y = 4*y + l - 50, 4*y - 69 = 5*l. What is the remainder when n is divided by y?
9
Calculate the remainder when 69 is divided by (2 - -16) + (0 - 0).
15
Let d(x) = -x**3 + 13*x**2 - 23*x + 46. Calculate the remainder when d(11) is divided by ((-18)/(-4))/((-2)/(-4)).
8
Let l = -34 + 50. Suppose -o = -0*o - l. What is the remainder when 46 is divided by o?
14
Suppose -l = -4*l + 4*h + 107, 2*l = -2*h + 48. What is the remainder when 83 is divided by l?
25
Suppose -y = 3*d + 14, d = 5*d + 2*y + 20. Suppose 0 = -10*u + 3*u + 182. What is the remainder when u is divided by ((-6)/d)/((-6)/(-56))?
12
Let y = -1 - -30. What is the remainder when y is divided by 18 + (-4 - -3) + -1?
13
Let c(o) = 5*o - 7. What is the remainder when c(8) is divided by 17?
16
Let f = 47 - 27. Calculate the remainder when 78 is divided by f.
18
Let b be 126/(-4) + 3/(-6). Let o = -13 - b. Calculate the remainder when 37 is divided by o.
18
Suppose 0 = -14*a - 12 + 40. What is the remainder when a is divided by 2?
0
Suppose 0 = 2*z + 4*z - 864. What is the remainder when z is divided by 21?
18
What is the remainder when 6/33 - 1255/(-55) is divided by 8?
7
Suppose 8 + 7 = 5*l. Calculate the remainder when 3 is divided by l.
0
Let a = 105 - 88. What is the remainder when 28 is divided by a?
11
Let o(k) = k**2 + 3*k + 1. Let a be o(-2). Let p be (80/12)/(a/(-15)). Suppose -5*l + 96 = -g, 5*g + p = 4*l + l. What is the remainder when 36 is divided by l?
17
Suppose u + 2*w - 114 = 0, 2*w = -4*u + 642 - 210. Calculate the remainder when u is divided by 36.
34
Let v(r) = r + 18. Calculate the remainder when 11 is divided by v(-10).
3
Suppose 4*a - 10 = 2. What is the remainder when 10 is divided by a?
1
Let z be 8/(-3)*(-18)/3. Suppose 0 = 4*w - 4*f - z, -10 = -4*w + f + 3. What is the remainder when 18 is divided by (-20)/1*w/(-6)?
8
Suppose -759 = -16*w + 5*w. What is the remainder when w is divided by 14?
13
Let i(w) = -w**3 - w**2 - w + 1. Let k be i(0). Let p(m) = 4*m**3 + m**2 - m. What is the remainder when 11 is divided by p(k)?
3
Suppose 0 = -4*k - 0*k - 36. Suppose 33 = 4*p - 43. Let r = k + p. What is the remainder when 19 is divided by r?
9
Suppose -4*h + 18 = 3*z - 6, 2*h + 5*z = -2. Suppose -4*g - 21 = -r, -r = 5*g + 27 - 12. Calculate the remainder when h is divided by r.
4
Let l = -7 + 31. Let z = 105 + -35. What is the remainder when z is divided by l?
22
Suppose 24 = -2*g + 8*g. Calculate the remainder when 30 is divided by g.
2
Suppose h + 0*h = -4, 3*h = 5*k - 77. Calculate the remainder when 33 is divided by k.
7
Calculate the remainder when 42 - (6/3 - 2) is divided by 11.
9
Let q(j) = -5*j**2 + 5*j - 65. Let v(n) = -4*n + 47 + 6*n**2 - 2*n**2 + 31 - 13. Let z(c) = 3*q(c) + 4*v(c). Calculate the remainder when z(0) is divided by 17.
14
Let f = 4 + -2. Suppose -2*v - f*u + 30 = -0*u, 4*v - 5*u = 51. Let s = 22 - v. What is the remainder when s is divided by 5?
3
Let m(o) = -1 + 0 - 1 - o**2 - 10*o. Calculate the remainder when 39 is divided by m(-8).
11
Let j = -8 + 42. What is the remainder when j is divided by 6?
4
Suppose 2*x - 48 = 3*a, 0 = -3*x + 4*x + 5*a + 2. Calculate the remainder when 35 is divided by x.
17
Let c = 3 + -1. Suppose -2*i - 4 = 4*v, -3*i = -2 - 10. Calculate the remainder when v/((-15)/(-2))*-10 is divided by c.
0
Suppose -5*p + 0 = -170. Let u(d) = -18*d**3 + d**2 + d. What is the remainder when p is divided by u(-1)?
16
Let z(i) = 2*i**2 + 5*i - 9. Suppose 3*h = 5*g - 10, 2*g - 2 = g - h. Suppose -g*p = 3*p - 45. Calculate the remainder when z(-5) is divided by p.
7
Let x = -130 - -148. What is the remainder when 35 is divided by x?
17
Let b = 18 - 13. Let l = 1 + b. Suppose -4*i + 61 + 7 = 0. Calculate the remainder when i is divided by l.
5
Suppose -5*q + 3 + 22 = 0. Let r = q + 9. Let v = -54 - -79. What is the remainder when v is divided by r?
11
Calculate the remainder when 54 is divided by (91/(-39))/(2/(-12)).
12
Suppose 40 = -4*p - 0*p. Calculate the remainder when 44 is divided by p/(-4)*(6 - 0).
14
Let v = -164 - -347. Suppose -v = -5*g - 28. Suppose -3*p + g = -7*x + 2*x, 17 = 3*p + 2*x. Calculate the remainder when 20 is divided by p.
6
Let d(r) = -r + 3. Let f be d(6). Let g be (-1)/1 + (0 - f). Suppose 88 = g*n + 2*n. What is the remainder when 64 is divided by n?
20
Let r(f) be the first derivative of -f**2 + 1 - 4*f + 6*f**2 + 2. Calculate the remainder when r(5) is divided by 24.
22
Let t be (5/(-3))/((-40)/48). Suppose 28 = t*g - 12. What is the remainder when 59 is divided by g?
19
Let z(b) = 2*b**2 + b + 2. Let d be z(-6). Suppose -4*t - 3*y = -d + 6, -4*t = -5*y - 78. What is the remainder when t is divided by 4/22 + (-640)/(-110)?
5
What is the remainder when (-4)/(-22) + 53/11 is divided by 2?
1
Let j = -14 + 13. What is the remainder when 31 is divided by (j - 45/6)*-2?
14
Calculate the remainder when 11 + -11 + (-1 - -59) is divided by 20.
18
Suppose 5*v + 525 = 5*a, -4*v = a - 56 - 24. Calculate the remainder when a is divided by 22.
12
Suppose 2*f + f = w - 24, 4*f + 72 = 3*w. What is the remainder when w is divided by 13?
11
Suppose 2*f = -17 - 245. Let s = 34 + -19. What is the remainder when 1/3 + f/(-3) is divided by s?
14
Let r(o) = -6*o - 34. What is the remainder when 39 is divided by r(-7)?
7
Let d(g) = -g**2 - 2*g - 1. Let l be d(-1). What is the remainder when -43*1*(l - 1) is divided by 15?
13
Suppose 6 = 2*t - 2*i, 0*t + 4*t - 2*i = 10. Let m(g) = -4*g**t + 6*g**2 + g - 3*g**2 - g**3 + 4. Calculate the remainder when 10 is divided by m(0).
2
Suppose 230 = 4*x - 238. Calculate the remainder when x is divided by 30.
27
Suppose -w = -1 + 27. Let n = -16 - w. Calculate the remainder when n is divided by ((-36)/(-42))/(2/14).
4
Suppose 0*y + 5*y - 570 = 0. Suppose -5*j + 0*x - 3*x = y, -j - 4*x - 16 = 0. Let i = 78 + j. Calculate the remainder when i is divided by 28.
26
Calculate the remainder when (-3)/9*1/((-4)/696) is divided by 32.
26
Suppose -3*k + 167 + 214 = 0. Calculate the remainder when k is divided by 26.
23
Suppose -8 = g - 3*g. Suppose -2*b = 6 + 32. Let l = b - -30. What is the remainder when l is divided by g?
3
Suppose 0 = 4*z + z - 135. Let g = 11 + -8. Let f(r) = 5*r**2 + 7. Calculate the remainder when f(g) is divided by z.
25
Let u = 48 + 31. Calculate the remainder when u is divided by 20.
19
Let j = 11 - -18. Let o be (36 + -1)*4/(-10). Let w = 24 + o. Calculate the remainder when j is divided by w.
9
Let v(k) = k**3 + 5*k**2 + k + 2. Let z be v(-4). Let g = z - -4. What is the remainder when 52 is divided by g?
16
Let h = -7 - -10. Suppose h*d + 42 = 6*d. What is the remainder when d is divided by 4?
2
Calculate the remainder when 13 is divided by 1 + 2 - 12/(-6).
3
Let c be (6/9)/(4/258). Suppose -v + 5*v - 8 = 0. Suppose -4*r + 11 = b - v, b - 2*r = c. Calculate the remainder when b is divided by 9.
6
Let n(d) = 1. Let f(p) = p + 5. Let l(k) = -5*f(k) + 30*n(k). Let j be l(-5). Suppose 3*c = -2*c + j. Calculate the remainder when 10 is divided by c.
4
Let w(p) = 3*p + 25. Calculate the remainder when 27 is divided by w(-6).
6
Suppose v - 46 = 41. What is the remainder when v is divided by 18?
15
Calculate the remainder when (25 - 0)*(0 - -1) is divide